{"id":21207,"date":"2020-02-28T14:50:03","date_gmt":"2020-02-28T17:50:03","guid":{"rendered":"http:\/\/eadunisc.educacao.ws\/extensao-copy\/"},"modified":"2026-01-06T15:46:02","modified_gmt":"2026-01-06T18:46:02","slug":"pos-graduacao","status":"publish","type":"page","link":"https:\/\/www.unisc.br\/ead\/pos-graduacao\/","title":{"rendered":"P\u00f3s-Gradua\u00e7\u00e3o"},"content":{"rendered":"<p>[vc_row anchor=&#8221;dfd-parallax-center-top&#8221;][vc_column dfd_column_responsive_enable=&#8221;dfd-column-responsive-enable&#8221; col_shadow=&#8221;box_shadow_enable:disable|shadow_horizontal:0|shadow_vertical:15|shadow_blur:50|shadow_spread:0|box_shadow_color:rgba(0%2C0%2C0%2C0.35)&#8221; col_shadow_hover=&#8221;box_shadow_enable:disable|shadow_horizontal:0|shadow_vertical:15|shadow_blur:50|shadow_spread:0|box_shadow_color:rgba(0%2C0%2C0%2C0.35)&#8221; responsive_styles=&#8221;padding_left_desktop:20|padding_right_desktop:20|padding_left_tablet:20|padding_right_tablet:20|padding_left_mobile:20|padding_right_mobile:20&#8243;][dfd_spacer screen_wide_spacer_size=&#8221;100&#8243; screen_normal_resolution=&#8221;1280&#8243; screen_tablet_resolution=&#8221;1024&#8243; screen_mobile_resolution=&#8221;800&#8243; screen_wide_resolution=&#8221;1280&#8243; screen_normal_spacer_size=&#8221;200&#8243; screen_tablet_spacer_size=&#8221;150&#8243; screen_mobile_spacer_size=&#8221;50&#8243;][dfd_heading style=&#8221;style_11&#8243; subtitle=&#8221;Inscreva-se agora&#8221; delimiter_settings=&#8221;delimiter_style:solid|delimiter_width:80|delimiter_height:1&#8243; undefined=&#8221;&#8221; title_font_options=&#8221;tag:h2&#8243; subtitle_font_options=&#8221;tag:div&#8221;]<\/p>\n<p style=\"text-align: center;\">Cursos com matr\u00edculas abertas<\/p>\n<p>[\/dfd_heading][dfd_spacer screen_wide_spacer_size=&#8221;30&#8243; screen_normal_resolution=&#8221;1024&#8243; screen_tablet_resolution=&#8221;800&#8243; screen_mobile_resolution=&#8221;480&#8243; screen_wide_resolution=&#8221;1280&#8243; screen_normal_spacer_size=&#8221;30&#8243; screen_tablet_spacer_size=&#8221;30&#8243; screen_mobile_spacer_size=&#8221;30&#8243;][\/vc_column][\/vc_row][vc_row dfd_row_config=&#8221;full_width_content&#8221; dfd_row_responsive_enable=&#8221;dfd-row-responsive-enable&#8221; css=&#8221;.vc_custom_1483345000271{padding-right: 5% !important;padding-left: 5% !important;}&#8221; responsive_styles=&#8221;padding_left_desktop:20|padding_right_desktop:20|padding_left_tablet:20|padding_right_tablet:20|padding_left_mobile:20|padding_right_mobile:20&#8243;][vc_column][dfd_spacer screen_wide_spacer_size=&#8221;30&#8243; screen_normal_resolution=&#8221;1024&#8243; screen_tablet_resolution=&#8221;800&#8243; screen_mobile_resolution=&#8221;480&#8243; screen_wide_resolution=&#8221;1280&#8243; screen_normal_spacer_size=&#8221;30&#8243; screen_tablet_spacer_size=&#8221;30&#8243; screen_mobile_spacer_size=&#8221;30&#8243;][dfd_portfolio_metro_module posts_to_show=&#8221;1500&#8243; columns=&#8221;5&#8243; module_animation=&#8221;transition.slideUpBigIn&#8221; show_sort_panel=&#8221;&#8221; portfolio_content_alignment=&#8221;text-center&#8221; title_google_fonts=&#8221;&#8221; portfolio_hover_mask_background=&#8221;#1c5f83&#8243; portfolio_hover_mask_background_opacity=&#8221;80&#8243; title_font_options=&#8221;font_size:18|font_style_bold:1&#8243; portfolio_show_title=&#8221;on&#8221; portfolio_hover_mask_border=&#8221;on&#8221; portfolio_hover_mask_bordered_size=&#8221;10&#8243; portfolio_hover_mask_color=&#8221;#ffffff&#8221; portfolio_categories=&#8221;pos-graduacao&#8221; portfolio_show_top_cat=&#8221;on&#8221; tutorials=&#8221;&#8221;][dfd_spacer screen_wide_spacer_size=&#8221;100&#8243; screen_normal_resolution=&#8221;1280&#8243; screen_tablet_resolution=&#8221;1024&#8243; screen_mobile_resolution=&#8221;800&#8243; screen_wide_resolution=&#8221;1280&#8243; screen_normal_spacer_size=&#8221;90&#8243; screen_tablet_spacer_size=&#8221;80&#8243; screen_mobile_spacer_size=&#8221;70&#8243;][\/vc_column][\/vc_row][vc_row anchor=&#8221;dfd-parallax-center-top&#8221; css=&#8221;.vc_custom_1545193310149{background-color: #1c5f83 !important;}&#8221;][vc_column dfd_column_responsive_enable=&#8221;dfd-column-responsive-enable&#8221; col_shadow=&#8221;box_shadow_enable:disable|shadow_horizontal:0|shadow_vertical:15|shadow_blur:50|shadow_spread:0|box_shadow_color:rgba(0%2C0%2C0%2C0.35)&#8221; col_shadow_hover=&#8221;box_shadow_enable:disable|shadow_horizontal:0|shadow_vertical:15|shadow_blur:50|shadow_spread:0|box_shadow_color:rgba(0%2C0%2C0%2C0.35)&#8221; responsive_styles=&#8221;padding_left_desktop:20|padding_right_desktop:20|padding_left_tablet:20|padding_right_tablet:20|padding_left_mobile:20|padding_right_mobile:20&#8243;][dfd_spacer screen_wide_spacer_size=&#8221;30&#8243; screen_normal_resolution=&#8221;1024&#8243; screen_tablet_resolution=&#8221;800&#8243; screen_mobile_resolution=&#8221;480&#8243; screen_wide_resolution=&#8221;1280&#8243; screen_normal_spacer_size=&#8221;30&#8243; screen_tablet_spacer_size=&#8221;30&#8243; screen_mobile_spacer_size=&#8221;30&#8243;][dfd_heading style=&#8221;style_11&#8243; subtitle=&#8221;&#8221; delimiter_settings=&#8221;delimiter_style:solid|delimiter_width:80|delimiter_height:1|delimiter_color:%23ffffff&#8221; undefined=&#8221;&#8221; title_font_options=&#8221;tag:h2|color:%23ffffff&#8221; subtitle_font_options=&#8221;tag:div|color:%23f9f9f9&#8243;]<\/p>\n<p style=\"text-align: center;\">Pr\u00f3ximos Cursos<\/p>\n<p>[\/dfd_heading][dfd_spacer screen_wide_spacer_size=&#8221;30&#8243; screen_normal_resolution=&#8221;1024&#8243; screen_tablet_resolution=&#8221;800&#8243; screen_mobile_resolution=&#8221;480&#8243; screen_wide_resolution=&#8221;1280&#8243; screen_normal_spacer_size=&#8221;30&#8243; screen_tablet_spacer_size=&#8221;30&#8243; screen_mobile_spacer_size=&#8221;30&#8243;][\/vc_column][\/vc_row][vc_row dfd_row_config=&#8221;full_width_content&#8221; el_class=&#8221;home_proximos&#8221; dfd_row_responsive_enable=&#8221;dfd-row-responsive-enable&#8221; css=&#8221;.vc_custom_1579243735950{padding-right: 5% !important;padding-left: 5% !important;background-color: #1c5f83 !important;}&#8221; responsive_styles=&#8221;padding_left_desktop:20|padding_right_desktop:20|padding_left_tablet:20|padding_right_tablet:20|padding_left_mobile:20|padding_right_mobile:20&#8243;][vc_column][dfd_spacer screen_wide_spacer_size=&#8221;30&#8243; screen_normal_resolution=&#8221;1024&#8243; screen_tablet_resolution=&#8221;800&#8243; screen_mobile_resolution=&#8221;480&#8243; screen_wide_resolution=&#8221;1280&#8243; screen_normal_spacer_size=&#8221;30&#8243; screen_tablet_spacer_size=&#8221;30&#8243; screen_mobile_spacer_size=&#8221;30&#8243;][dfd_portfolio_metro_module aberto=&#8221;interesse&#8221; posts_to_show=&#8221;500000&#8243; columns=&#8221;4&#8243; module_animation=&#8221;transition.slideUpBigIn&#8221; show_sort_panel=&#8221;&#8221; portfolio_content_alignment=&#8221;text-center&#8221; title_google_fonts=&#8221;&#8221; portfolio_hover_mask_background=&#8221;#1c5f83&#8243; portfolio_hover_mask_background_opacity=&#8221;80&#8243; title_font_options=&#8221;font_size:18|color:%23ffffff|font_style_bold:1&#8243; portfolio_show_title=&#8221;on&#8221; portfolio_hover_mask_border=&#8221;on&#8221; portfolio_hover_mask_bordered_size=&#8221;10&#8243; portfolio_hover_mask_color=&#8221;#ffffff&#8221; portfolio_categories=&#8221;pos-graduacao&#8221;][dfd_spacer screen_wide_spacer_size=&#8221;30&#8243; screen_normal_resolution=&#8221;1024&#8243; screen_tablet_resolution=&#8221;800&#8243; screen_mobile_resolution=&#8221;480&#8243; screen_wide_resolution=&#8221;1280&#8243; screen_normal_spacer_size=&#8221;30&#8243; screen_tablet_spacer_size=&#8221;30&#8243; screen_mobile_spacer_size=&#8221;30&#8243;][\/vc_column][\/vc_row][vc_row][vc_column][dfd_spacer screen_wide_spacer_size=&#8221;100&#8243; screen_normal_resolution=&#8221;1280&#8243; screen_tablet_resolution=&#8221;1024&#8243; screen_mobile_resolution=&#8221;800&#8243; screen_wide_resolution=&#8221;1280&#8243; screen_normal_spacer_size=&#8221;90&#8243; screen_tablet_spacer_size=&#8221;80&#8243; screen_mobile_spacer_size=&#8221;70&#8243;][\/vc_column][\/vc_row][vc_row][vc_column width=&#8221;1\/4&#8243;][\/vc_column][vc_column width=&#8221;1\/2&#8243;][dfd_spacer screen_wide_spacer_size=&#8221;100&#8243; screen_normal_resolution=&#8221;1280&#8243; screen_tablet_resolution=&#8221;1024&#8243; screen_mobile_resolution=&#8221;800&#8243; screen_wide_resolution=&#8221;1280&#8243; screen_normal_spacer_size=&#8221;90&#8243; screen_tablet_spacer_size=&#8221;30&#8243; screen_mobile_spacer_size=&#8221;30&#8243;][dfd_heading subtitle=&#8221;&#8221; content_alignment=&#8221;text-left&#8221; module_animation=&#8221;transition.slideLeftBigIn&#8221; enable_delimiter=&#8221;&#8221; undefined=&#8221;&#8221; title_font_options=&#8221;tag:h3|line_height:43|letter_spacing:0&#8243; subtitle_font_options=&#8221;tag:div|font_size:14|color:%237c7c7c|line_height:17&#8243; heading_margin=&#8221;margin-bottom:10&#8243; title_responsive=&#8221;font_size_desktop:28|line_height_desktop:40|font_size_tablet:28|line_height_tablet:40|font_size_mobile:24|line_height_mobile:34&#8243;]INSCREVA-SE EM NOSSA NEWSLETTER[\/dfd_heading][dfd_spacer screen_wide_spacer_size=&#8221;15&#8243; screen_normal_resolution=&#8221;1024&#8243; screen_tablet_resolution=&#8221;800&#8243; screen_mobile_resolution=&#8221;480&#8243; screen_wide_resolution=&#8221;1280&#8243; screen_normal_spacer_size=&#8221;15&#8243; screen_tablet_spacer_size=&#8221;15&#8243; screen_mobile_spacer_size=&#8221;15&#8243;][vc_column_text]<\/p>\n<p style=\"text-align: center;\"><div class=\"emaillist\" id=\"es_form_f1-n1\"><form action=\"\/ead\/wp-json\/wp\/v2\/pages\/21207#es_form_f1-n1\" method=\"post\" class=\"es_subscription_form es_shortcode_form  es_ajax_subscription_form\" id=\"es_subscription_form_69f5eb75ddc84\" data-source=\"ig-es\" data-form-id=\"1\"><div class=\"es-field-wrap\"><label>Sugira um novo curso<br \/><input type=\"text\" name=\"esfpx_name\" class=\"ig_es_form_field_name\" placeholder=\"\" value=\"\" \/><\/label><\/div><div class=\"es-field-wrap ig-es-form-field\"><label class=\"es-field-label\">Email*<br \/><input class=\"es_required_field es_txt_email ig_es_form_field_email ig-es-form-input\" type=\"email\" name=\"esfpx_email\" value=\"\" placeholder=\"\" required=\"required\" \/><\/label><\/div><input type=\"hidden\" name=\"esfpx_lists[]\" value=\"92361cbfd0eb\" \/><input type=\"hidden\" name=\"esfpx_form_id\" value=\"1\" \/><input type=\"hidden\" name=\"es\" value=\"subscribe\" \/>\n\t\t\t<input type=\"hidden\" name=\"esfpx_es_form_identifier\" value=\"f1-n1\" \/>\n\t\t\t<input type=\"hidden\" name=\"esfpx_es_email_page\" value=\"21207\" \/>\n\t\t\t<input type=\"hidden\" name=\"esfpx_es_email_page_url\" value=\"https:\/\/www.unisc.br\/ead\/pos-graduacao\/\" \/>\n\t\t\t<input type=\"hidden\" name=\"esfpx_status\" value=\"Unconfirmed\" \/>\n\t\t\t<input type=\"hidden\" name=\"esfpx_es-subscribe\" id=\"es-subscribe-69f5eb75ddc84\" value=\"94839c110b\" \/>\n\t\t\t<label style=\"position:absolute;top:-99999px;left:-99999px;z-index:-99;\" aria-hidden=\"true\"><span hidden>Please leave this field empty.<\/span><input type=\"email\" name=\"esfpx_es_hp_email\" class=\"es_required_field\" tabindex=\"-1\" autocomplete=\"-1\" value=\"\" \/><\/label><input type=\"submit\" name=\"submit\" class=\"es_subscription_form_submit es_submit_button es_textbox_button\" id=\"es_subscription_form_submit_69f5eb75ddc84\" value=\"Inscreva-se\" \/><span class=\"es_spinner_image\" id=\"spinner-image\"><img decoding=\"async\" src=\"https:\/\/www.unisc.br\/ead\/wp-content\/plugins\/email-subscribers\/lite\/public\/images\/spinner.gif\" alt=\"Loading\" \/><\/span><\/form><span class=\"es_subscription_message \" id=\"es_subscription_message_69f5eb75ddc84\" role=\"alert\" aria-live=\"assertive\"><\/span><\/div>\n<p>[\/vc_column_text][dfd_spacer screen_wide_spacer_size=&#8221;15&#8243; screen_normal_resolution=&#8221;1024&#8243; screen_tablet_resolution=&#8221;800&#8243; screen_mobile_resolution=&#8221;480&#8243; screen_wide_resolution=&#8221;1280&#8243; screen_normal_spacer_size=&#8221;15&#8243; screen_tablet_spacer_size=&#8221;15&#8243; screen_mobile_spacer_size=&#8221;15&#8243;][vc_column_text item_animation=&#8221;transition.slideLeftBigIn&#8221;]<\/p>\n<p style=\"text-align: center;\">Se inscrevendo voc\u00ea ficar\u00e1 por dentro de todas as novidades do EAD<\/p>\n<p>[\/vc_column_text][\/vc_column][vc_column width=&#8221;1\/4&#8243;][\/vc_column][\/vc_row][vc_row][vc_column][dfd_spacer screen_wide_spacer_size=&#8221;90&#8243; screen_normal_resolution=&#8221;1280&#8243; screen_tablet_resolution=&#8221;1024&#8243; screen_mobile_resolution=&#8221;800&#8243; screen_wide_resolution=&#8221;1280&#8243; screen_normal_spacer_size=&#8221;80&#8243; screen_tablet_spacer_size=&#8221;50&#8243; screen_mobile_spacer_size=&#8221;40&#8243;][dfd_social_accounts main_style=&#8221;style-5&#8243; module_animation=&#8221;transition.expandIn&#8221; dfd_social_networks=&#8221;%5B%7B%22dfd_social_networks_sel%22%3A%22dfd-socicon-facebook%22%2C%22soc_url%22%3A%22url%3Ahttps%253A%252F%252Fwww.facebook.com%252Feadunisc%252F%7Ctitle%3AFacebook%7Ctarget%3A%2520_blank%7C%22%7D%2C%7B%22dfd_social_networks_sel%22%3A%22dfd-socicon-instagram%22%2C%22soc_url%22%3A%22url%3Ahttps%253A%252F%252Fwww.instagram.com%252Feadunisc%252F%7Ctitle%3AInstagram%7Ctarget%3A%2520_blank%7C%22%7D%5D&#8221; border_radius=&#8221;50&#8243;][dfd_spacer screen_wide_spacer_size=&#8221;100&#8243; screen_normal_resolution=&#8221;1280&#8243; screen_tablet_resolution=&#8221;1024&#8243; screen_mobile_resolution=&#8221;800&#8243; screen_wide_resolution=&#8221;1280&#8243; screen_normal_spacer_size=&#8221;90&#8243; screen_tablet_spacer_size=&#8221;70&#8243; screen_mobile_spacer_size=&#8221;60&#8243;][\/vc_column][\/vc_row]<\/p>\n","protected":false},"excerpt":{"rendered":"<p>[vc_row anchor=&#8221;dfd-parallax-center-top&#8221;][vc_column dfd_column_responsive_enable=&#8221;dfd-column-responsive-enable&#8221; col_shadow=&#8221;box_shadow_enable:disable|shadow_horizontal:0|shadow_vertical:15|shadow_blur:50|shadow_spread:0|box_shadow_color:rgba(0%2C0%2C0%2C0.35)&#8221; col_shadow_hover=&#8221;box_shadow_enable:disable|shadow_horizontal:0|shadow_vertical:15|shadow_blur:50|shadow_spread:0|box_shadow_color:rgba(0%2C0%2C0%2C0.35)&#8221; responsive_styles=&#8221;padding_left_desktop:20|padding_right_desktop:20|padding_left_tablet:20|padding_right_tablet:20|padding_left_mobile:20|padding_right_mobile:20&#8243;][dfd_spacer screen_wide_spacer_size=&#8221;100&#8243; screen_normal_resolution=&#8221;1280&#8243; screen_tablet_resolution=&#8221;1024&#8243; screen_mobile_resolution=&#8221;800&#8243; screen_wide_resolution=&#8221;1280&#8243; screen_normal_spacer_size=&#8221;200&#8243; screen_tablet_spacer_size=&#8221;150&#8243; screen_mobile_spacer_size=&#8221;50&#8243;][dfd_heading style=&#8221;style_11&#8243; subtitle=&#8221;Inscreva-se agora&#8221; delimiter_settings=&#8221;delimiter_style:solid|delimiter_width:80|delimiter_height:1&#8243; undefined=&#8221;&#8221; title_font_options=&#8221;tag:h2&#8243; subtitle_font_options=&#8221;tag:div&#8221;] Cursos com matr\u00edculas abertas [\/dfd_heading][dfd_spacer screen_wide_spacer_size=&#8221;30&#8243; screen_normal_resolution=&#8221;1024&#8243; screen_tablet_resolution=&#8221;800&#8243; screen_mobile_resolution=&#8221;480&#8243;<\/p>\n","protected":false},"author":1,"featured_media":24454,"parent":0,"menu_order":0,"comment_status":"closed","ping_status":"closed","template":"tmp-page.php","meta":{"_joinchat":[],"footnotes":""},"class_list":["post-21207","page","type-page","status-publish","has-post-thumbnail","hentry"],"acf":[],"post_mailing_queue_ids":[],"_links":{"self":[{"href":"https:\/\/www.unisc.br\/ead\/wp-json\/wp\/v2\/pages\/21207","targetHints":{"allow":["GET"]}}],"collection":[{"href":"https:\/\/www.unisc.br\/ead\/wp-json\/wp\/v2\/pages"}],"about":[{"href":"https:\/\/www.unisc.br\/ead\/wp-json\/wp\/v2\/types\/page"}],"author":[{"embeddable":true,"href":"https:\/\/www.unisc.br\/ead\/wp-json\/wp\/v2\/users\/1"}],"replies":[{"embeddable":true,"href":"https:\/\/www.unisc.br\/ead\/wp-json\/wp\/v2\/comments?post=21207"}],"version-history":[{"count":14,"href":"https:\/\/www.unisc.br\/ead\/wp-json\/wp\/v2\/pages\/21207\/revisions"}],"predecessor-version":[{"id":21208,"href":"https:\/\/www.unisc.br\/ead\/wp-json\/wp\/v2\/pages\/21207\/revisions\/21208"}],"wp:featuredmedia":[{"embeddable":true,"href":"https:\/\/www.unisc.br\/ead\/wp-json\/wp\/v2\/media\/24454"}],"wp:attachment":[{"href":"https:\/\/www.unisc.br\/ead\/wp-json\/wp\/v2\/media?parent=21207"}],"curies":[{"name":"wp","href":"https:\/\/api.w.org\/{rel}","templated":true}]}}